{"id":164,"date":"2022-02-03T21:20:54","date_gmt":"2022-02-03T21:20:54","guid":{"rendered":"https:\/\/diiestudio.cl\/?page_id=164"},"modified":"2022-11-24T21:35:00","modified_gmt":"2022-11-24T21:35:00","slug":"fotografia-de-producto","status":"publish","type":"page","link":"https:\/\/markez.cl\/index.php\/fotografia-de-producto\/","title":{"rendered":"Fotograf\u00eda de producto"},"content":{"rendered":"\n<div class=\"wp-block-media-text alignwide is-stacked-on-mobile\"><figure class=\"wp-block-media-text__media\"><img loading=\"lazy\" decoding=\"async\" width=\"984\" height=\"984\" src=\"https:\/\/markez.cl\/wp-content\/uploads\/2022\/02\/002254.jpg\" alt=\"\" class=\"wp-image-165 size-full\" srcset=\"https:\/\/markez.cl\/wp-content\/uploads\/2022\/02\/002254.jpg 984w, https:\/\/markez.cl\/wp-content\/uploads\/2022\/02\/002254-300x300.jpg 300w, https:\/\/markez.cl\/wp-content\/uploads\/2022\/02\/002254-150x150.jpg 150w, https:\/\/markez.cl\/wp-content\/uploads\/2022\/02\/002254-768x768.jpg 768w, https:\/\/markez.cl\/wp-content\/uploads\/2022\/02\/002254-100x100.jpg 100w\" sizes=\"auto, (max-width: 706px) 89vw, (max-width: 767px) 82vw, 740px\" \/><\/figure><div class=\"wp-block-media-text__content\">\n<p class=\"has-small-font-size\">Nos preocupamos, que tu marca este en cada detalle, la foto de tus productos deben mostrar el producto y la calidad de tu marca.<\/p>\n<\/div><\/div>\n\n\n\n<p class=\"has-small-font-size\">Las fotograf\u00edas de productos pueden ser para cat\u00e1logos o men\u00fas, como para una publicidad o  Marketing digital. Estamos preparado para el fin que necesite el cliente. <br>Lo importante es que una imagen vende m\u00e1s que 1000 palabras.<\/p>\n\n\n\n<figure class=\"wp-block-image size-large\"><img loading=\"lazy\" decoding=\"async\" width=\"1024\" height=\"1024\" src=\"https:\/\/markez.cl\/wp-content\/uploads\/2022\/11\/3-1024x1024.jpg\" alt=\"\" class=\"wp-image-305\" srcset=\"https:\/\/markez.cl\/wp-content\/uploads\/2022\/11\/3-1024x1024.jpg 1024w, https:\/\/markez.cl\/wp-content\/uploads\/2022\/11\/3-300x300.jpg 300w, https:\/\/markez.cl\/wp-content\/uploads\/2022\/11\/3-150x150.jpg 150w, https:\/\/markez.cl\/wp-content\/uploads\/2022\/11\/3-768x768.jpg 768w, https:\/\/markez.cl\/wp-content\/uploads\/2022\/11\/3-100x100.jpg 100w, https:\/\/markez.cl\/wp-content\/uploads\/2022\/11\/3.jpg 1080w\" sizes=\"auto, (max-width: 706px) 89vw, (max-width: 767px) 82vw, 740px\" \/><\/figure>\n\n\n\n<div class=\"wp-block-buttons is-content-justification-right is-layout-flex wp-container-core-buttons-is-layout-765c4724 wp-block-buttons-is-layout-flex\">\n<div class=\"wp-block-button is-style-outline is-style-outline--1\"><a class=\"wp-block-button__link wp-element-button\" href=\"https:\/\/markez.cl\/index.php\">Volver<\/a><\/div>\n<\/div>\n","protected":false},"excerpt":{"rendered":"<p>Nos preocupamos, que tu marca este en cada detalle, la foto de tus productos deben mostrar el producto y la calidad de tu marca. Las fotograf\u00edas de productos pueden ser para cat\u00e1logos o men\u00fas, como para una publicidad o Marketing digital. Estamos preparado para el fin que necesite el cliente. Lo importante es que una &hellip; <\/p>\n<p class=\"link-more\"><a href=\"https:\/\/markez.cl\/index.php\/fotografia-de-producto\/\" class=\"more-link\">Continua leyendo<span class=\"screen-reader-text\"> &#8220;Fotograf\u00eda de producto&#8221;<\/span><\/a><\/p>\n","protected":false},"author":1,"featured_media":0,"parent":0,"menu_order":0,"comment_status":"closed","ping_status":"closed","template":"","meta":{"footnotes":""},"class_list":["post-164","page","type-page","status-publish","hentry"],"yoast_head":"<!-- This site is optimized with the Yoast SEO plugin v22.8 - https:\/\/yoast.com\/wordpress\/plugins\/seo\/ -->\n<title>Fotograf\u00eda de producto -<\/title>\n<meta name=\"robots\" content=\"index, follow, max-snippet:-1, max-image-preview:large, max-video-preview:-1\" \/>\n<link rel=\"canonical\" href=\"https:\/\/markez.cl\/index.php\/fotografia-de-producto\/\" \/>\n<meta property=\"og:locale\" content=\"es_ES\" \/>\n<meta property=\"og:type\" content=\"article\" \/>\n<meta property=\"og:title\" content=\"Fotograf\u00eda de producto -\" \/>\n<meta property=\"og:description\" content=\"Nos preocupamos, que tu marca este en cada detalle, la foto de tus productos deben mostrar el producto y la calidad de tu marca. Las fotograf\u00edas de productos pueden ser para cat\u00e1logos o men\u00fas, como para una publicidad o Marketing digital. Estamos preparado para el fin que necesite el cliente. Lo importante es que una &hellip; Continua leyendo &quot;Fotograf\u00eda de producto&quot;\" \/>\n<meta property=\"og:url\" content=\"https:\/\/markez.cl\/index.php\/fotografia-de-producto\/\" \/>\n<meta property=\"article:modified_time\" content=\"2022-11-24T21:35:00+00:00\" \/>\n<meta property=\"og:image\" content=\"https:\/\/markez.cl\/wp-content\/uploads\/2022\/02\/002254.jpg\" \/>\n<meta name=\"twitter:card\" content=\"summary_large_image\" \/>\n<meta name=\"twitter:label1\" content=\"Tiempo estimado de lectura\" \/>\n\t<meta name=\"twitter:data1\" content=\"1 minuto\" \/>\n<script type=\"application\/ld+json\" class=\"yoast-schema-graph\">{\"@context\":\"https:\/\/schema.org\",\"@graph\":[{\"@type\":\"WebPage\",\"@id\":\"https:\/\/markez.cl\/index.php\/fotografia-de-producto\/\",\"url\":\"https:\/\/markez.cl\/index.php\/fotografia-de-producto\/\",\"name\":\"Fotograf\u00eda de producto -\",\"isPartOf\":{\"@id\":\"https:\/\/markez.cl\/#website\"},\"primaryImageOfPage\":{\"@id\":\"https:\/\/markez.cl\/index.php\/fotografia-de-producto\/#primaryimage\"},\"image\":{\"@id\":\"https:\/\/markez.cl\/index.php\/fotografia-de-producto\/#primaryimage\"},\"thumbnailUrl\":\"https:\/\/markez.cl\/wp-content\/uploads\/2022\/02\/002254.jpg\",\"datePublished\":\"2022-02-03T21:20:54+00:00\",\"dateModified\":\"2022-11-24T21:35:00+00:00\",\"breadcrumb\":{\"@id\":\"https:\/\/markez.cl\/index.php\/fotografia-de-producto\/#breadcrumb\"},\"inLanguage\":\"es-CL\",\"potentialAction\":[{\"@type\":\"ReadAction\",\"target\":[\"https:\/\/markez.cl\/index.php\/fotografia-de-producto\/\"]}]},{\"@type\":\"ImageObject\",\"inLanguage\":\"es-CL\",\"@id\":\"https:\/\/markez.cl\/index.php\/fotografia-de-producto\/#primaryimage\",\"url\":\"https:\/\/markez.cl\/wp-content\/uploads\/2022\/02\/002254.jpg\",\"contentUrl\":\"https:\/\/markez.cl\/wp-content\/uploads\/2022\/02\/002254.jpg\",\"width\":984,\"height\":984},{\"@type\":\"BreadcrumbList\",\"@id\":\"https:\/\/markez.cl\/index.php\/fotografia-de-producto\/#breadcrumb\",\"itemListElement\":[{\"@type\":\"ListItem\",\"position\":1,\"name\":\"Portada\",\"item\":\"https:\/\/markez.cl\/\"},{\"@type\":\"ListItem\",\"position\":2,\"name\":\"Fotograf\u00eda de producto\"}]},{\"@type\":\"WebSite\",\"@id\":\"https:\/\/markez.cl\/#website\",\"url\":\"https:\/\/markez.cl\/\",\"name\":\"dise\u00f1o & Marketing\",\"description\":\"Te ayudamos a crear una marca s\u00f3lida.\",\"publisher\":{\"@id\":\"https:\/\/markez.cl\/#organization\"},\"potentialAction\":[{\"@type\":\"SearchAction\",\"target\":{\"@type\":\"EntryPoint\",\"urlTemplate\":\"https:\/\/markez.cl\/?s={search_term_string}\"},\"query-input\":\"required name=search_term_string\"}],\"inLanguage\":\"es-CL\"},{\"@type\":\"Organization\",\"@id\":\"https:\/\/markez.cl\/#organization\",\"name\":\"Markez\",\"url\":\"https:\/\/markez.cl\/\",\"logo\":{\"@type\":\"ImageObject\",\"inLanguage\":\"es-CL\",\"@id\":\"https:\/\/markez.cl\/#\/schema\/logo\/image\/\",\"url\":\"https:\/\/markez.cl\/wp-content\/uploads\/2025\/08\/cropped-logo-1.png\",\"contentUrl\":\"https:\/\/markez.cl\/wp-content\/uploads\/2025\/08\/cropped-logo-1.png\",\"width\":787,\"height\":250,\"caption\":\"Markez\"},\"image\":{\"@id\":\"https:\/\/markez.cl\/#\/schema\/logo\/image\/\"},\"sameAs\":[\"https:\/\/www.instagram.com\/markez_design\"]}]}<\/script>\n<!-- \/ Yoast SEO plugin. -->","yoast_head_json":{"title":"Fotograf\u00eda de producto -","robots":{"index":"index","follow":"follow","max-snippet":"max-snippet:-1","max-image-preview":"max-image-preview:large","max-video-preview":"max-video-preview:-1"},"canonical":"https:\/\/markez.cl\/index.php\/fotografia-de-producto\/","og_locale":"es_ES","og_type":"article","og_title":"Fotograf\u00eda de producto -","og_description":"Nos preocupamos, que tu marca este en cada detalle, la foto de tus productos deben mostrar el producto y la calidad de tu marca. Las fotograf\u00edas de productos pueden ser para cat\u00e1logos o men\u00fas, como para una publicidad o Marketing digital. Estamos preparado para el fin que necesite el cliente. Lo importante es que una &hellip; Continua leyendo \"Fotograf\u00eda de producto\"","og_url":"https:\/\/markez.cl\/index.php\/fotografia-de-producto\/","article_modified_time":"2022-11-24T21:35:00+00:00","og_image":[{"url":"https:\/\/markez.cl\/wp-content\/uploads\/2022\/02\/002254.jpg"}],"twitter_card":"summary_large_image","twitter_misc":{"Tiempo estimado de lectura":"1 minuto"},"schema":{"@context":"https:\/\/schema.org","@graph":[{"@type":"WebPage","@id":"https:\/\/markez.cl\/index.php\/fotografia-de-producto\/","url":"https:\/\/markez.cl\/index.php\/fotografia-de-producto\/","name":"Fotograf\u00eda de producto -","isPartOf":{"@id":"https:\/\/markez.cl\/#website"},"primaryImageOfPage":{"@id":"https:\/\/markez.cl\/index.php\/fotografia-de-producto\/#primaryimage"},"image":{"@id":"https:\/\/markez.cl\/index.php\/fotografia-de-producto\/#primaryimage"},"thumbnailUrl":"https:\/\/markez.cl\/wp-content\/uploads\/2022\/02\/002254.jpg","datePublished":"2022-02-03T21:20:54+00:00","dateModified":"2022-11-24T21:35:00+00:00","breadcrumb":{"@id":"https:\/\/markez.cl\/index.php\/fotografia-de-producto\/#breadcrumb"},"inLanguage":"es-CL","potentialAction":[{"@type":"ReadAction","target":["https:\/\/markez.cl\/index.php\/fotografia-de-producto\/"]}]},{"@type":"ImageObject","inLanguage":"es-CL","@id":"https:\/\/markez.cl\/index.php\/fotografia-de-producto\/#primaryimage","url":"https:\/\/markez.cl\/wp-content\/uploads\/2022\/02\/002254.jpg","contentUrl":"https:\/\/markez.cl\/wp-content\/uploads\/2022\/02\/002254.jpg","width":984,"height":984},{"@type":"BreadcrumbList","@id":"https:\/\/markez.cl\/index.php\/fotografia-de-producto\/#breadcrumb","itemListElement":[{"@type":"ListItem","position":1,"name":"Portada","item":"https:\/\/markez.cl\/"},{"@type":"ListItem","position":2,"name":"Fotograf\u00eda de producto"}]},{"@type":"WebSite","@id":"https:\/\/markez.cl\/#website","url":"https:\/\/markez.cl\/","name":"dise\u00f1o & Marketing","description":"Te ayudamos a crear una marca s\u00f3lida.","publisher":{"@id":"https:\/\/markez.cl\/#organization"},"potentialAction":[{"@type":"SearchAction","target":{"@type":"EntryPoint","urlTemplate":"https:\/\/markez.cl\/?s={search_term_string}"},"query-input":"required name=search_term_string"}],"inLanguage":"es-CL"},{"@type":"Organization","@id":"https:\/\/markez.cl\/#organization","name":"Markez","url":"https:\/\/markez.cl\/","logo":{"@type":"ImageObject","inLanguage":"es-CL","@id":"https:\/\/markez.cl\/#\/schema\/logo\/image\/","url":"https:\/\/markez.cl\/wp-content\/uploads\/2025\/08\/cropped-logo-1.png","contentUrl":"https:\/\/markez.cl\/wp-content\/uploads\/2025\/08\/cropped-logo-1.png","width":787,"height":250,"caption":"Markez"},"image":{"@id":"https:\/\/markez.cl\/#\/schema\/logo\/image\/"},"sameAs":["https:\/\/www.instagram.com\/markez_design"]}]}},"jetpack_sharing_enabled":true,"_links":{"self":[{"href":"https:\/\/markez.cl\/index.php\/wp-json\/wp\/v2\/pages\/164","targetHints":{"allow":["GET"]}}],"collection":[{"href":"https:\/\/markez.cl\/index.php\/wp-json\/wp\/v2\/pages"}],"about":[{"href":"https:\/\/markez.cl\/index.php\/wp-json\/wp\/v2\/types\/page"}],"author":[{"embeddable":true,"href":"https:\/\/markez.cl\/index.php\/wp-json\/wp\/v2\/users\/1"}],"replies":[{"embeddable":true,"href":"https:\/\/markez.cl\/index.php\/wp-json\/wp\/v2\/comments?post=164"}],"version-history":[{"count":7,"href":"https:\/\/markez.cl\/index.php\/wp-json\/wp\/v2\/pages\/164\/revisions"}],"predecessor-version":[{"id":308,"href":"https:\/\/markez.cl\/index.php\/wp-json\/wp\/v2\/pages\/164\/revisions\/308"}],"wp:attachment":[{"href":"https:\/\/markez.cl\/index.php\/wp-json\/wp\/v2\/media?parent=164"}],"curies":[{"name":"wp","href":"https:\/\/api.w.org\/{rel}","templated":true}]}}