{"id":216,"date":"2022-02-07T21:45:15","date_gmt":"2022-02-07T21:45:15","guid":{"rendered":"https:\/\/diiestudio.cl\/?page_id=216"},"modified":"2022-02-14T15:10:51","modified_gmt":"2022-02-14T15:10:51","slug":"desarrollo-e-commerce","status":"publish","type":"page","link":"https:\/\/markez.cl\/index.php\/desarrollo-e-commerce\/","title":{"rendered":"e-commerce &#038; dise\u00f1o web"},"content":{"rendered":"\n<p>Dise\u00f1amos p\u00e1ginas web, plataformas &amp; eCommerce<\/p>\n\n\n\n<p>Nuestro dise\u00f1o web parte desde cero o en plantillas dependiendo del objetivo del cliente.<br>Dise\u00f1amos eCommerce en Shopify, Woocommerce.         <\/p>\n\n\n\n<h2 class=\"wp-block-heading\" id=\"ecommerce-ferreteria\">Ecommerce Ferreter\u00eda<\/h2>\n\n\n\n<figure class=\"wp-block-gallery has-nested-images columns-default is-cropped wp-block-gallery-1 is-layout-flex wp-block-gallery-is-layout-flex\">\n<figure class=\"wp-block-image size-large\"><img loading=\"lazy\" decoding=\"async\" width=\"1024\" height=\"537\" data-id=\"252\" src=\"https:\/\/markez.cl\/wp-content\/uploads\/2022\/02\/diseno-ecommerce-1024x537.png\" alt=\"\" class=\"wp-image-252\" srcset=\"https:\/\/markez.cl\/wp-content\/uploads\/2022\/02\/diseno-ecommerce-1024x537.png 1024w, https:\/\/markez.cl\/wp-content\/uploads\/2022\/02\/diseno-ecommerce-300x157.png 300w, https:\/\/markez.cl\/wp-content\/uploads\/2022\/02\/diseno-ecommerce-768x403.png 768w, https:\/\/markez.cl\/wp-content\/uploads\/2022\/02\/diseno-ecommerce.png 1272w\" sizes=\"auto, (max-width: 706px) 89vw, (max-width: 767px) 82vw, 740px\" \/><\/figure>\n\n\n\n<figure class=\"wp-block-image size-large\"><img loading=\"lazy\" decoding=\"async\" width=\"1024\" height=\"590\" data-id=\"253\" src=\"https:\/\/markez.cl\/wp-content\/uploads\/2022\/02\/ecommerce-shopify-1024x590.png\" alt=\"\" class=\"wp-image-253\" srcset=\"https:\/\/markez.cl\/wp-content\/uploads\/2022\/02\/ecommerce-shopify-1024x590.png 1024w, https:\/\/markez.cl\/wp-content\/uploads\/2022\/02\/ecommerce-shopify-300x173.png 300w, https:\/\/markez.cl\/wp-content\/uploads\/2022\/02\/ecommerce-shopify-768x442.png 768w, https:\/\/markez.cl\/wp-content\/uploads\/2022\/02\/ecommerce-shopify.png 1273w\" sizes=\"auto, (max-width: 706px) 89vw, (max-width: 767px) 82vw, 740px\" \/><\/figure>\n\n\n\n<figure class=\"wp-block-image size-large\"><img loading=\"lazy\" decoding=\"async\" width=\"1024\" height=\"589\" data-id=\"254\" src=\"https:\/\/markez.cl\/wp-content\/uploads\/2022\/02\/commerce-shopify-1024x589.png\" alt=\"\" class=\"wp-image-254\" srcset=\"https:\/\/markez.cl\/wp-content\/uploads\/2022\/02\/commerce-shopify-1024x589.png 1024w, https:\/\/markez.cl\/wp-content\/uploads\/2022\/02\/commerce-shopify-300x173.png 300w, https:\/\/markez.cl\/wp-content\/uploads\/2022\/02\/commerce-shopify-768x442.png 768w, https:\/\/markez.cl\/wp-content\/uploads\/2022\/02\/commerce-shopify.png 1278w\" sizes=\"auto, (max-width: 706px) 89vw, (max-width: 767px) 82vw, 740px\" \/><\/figure>\n<\/figure>\n\n\n\n<h2 class=\"wp-block-heading\" id=\"ecommerce-accesorios\">Ecommerce Accesorios<\/h2>\n\n\n\n<figure class=\"wp-block-gallery has-nested-images columns-default is-cropped wp-block-gallery-2 is-layout-flex wp-block-gallery-is-layout-flex\">\n<figure class=\"wp-block-image size-large\"><img loading=\"lazy\" decoding=\"async\" width=\"1024\" height=\"514\" data-id=\"256\" src=\"https:\/\/markez.cl\/wp-content\/uploads\/2022\/02\/woocommerce-1024x514.png\" alt=\"\" class=\"wp-image-256\" srcset=\"https:\/\/markez.cl\/wp-content\/uploads\/2022\/02\/woocommerce-1024x514.png 1024w, https:\/\/markez.cl\/wp-content\/uploads\/2022\/02\/woocommerce-300x150.png 300w, https:\/\/markez.cl\/wp-content\/uploads\/2022\/02\/woocommerce-768x385.png 768w, https:\/\/markez.cl\/wp-content\/uploads\/2022\/02\/woocommerce.png 1258w\" sizes=\"auto, (max-width: 706px) 89vw, (max-width: 767px) 82vw, 740px\" \/><\/figure>\n\n\n\n<figure class=\"wp-block-image size-large\"><img loading=\"lazy\" decoding=\"async\" width=\"1024\" height=\"514\" data-id=\"257\" src=\"https:\/\/markez.cl\/wp-content\/uploads\/2022\/02\/diseno-woo-1024x514.png\" alt=\"\" class=\"wp-image-257\" srcset=\"https:\/\/markez.cl\/wp-content\/uploads\/2022\/02\/diseno-woo-1024x514.png 1024w, https:\/\/markez.cl\/wp-content\/uploads\/2022\/02\/diseno-woo-300x150.png 300w, https:\/\/markez.cl\/wp-content\/uploads\/2022\/02\/diseno-woo-768x385.png 768w, https:\/\/markez.cl\/wp-content\/uploads\/2022\/02\/diseno-woo.png 1260w\" sizes=\"auto, (max-width: 706px) 89vw, (max-width: 767px) 82vw, 740px\" \/><\/figure>\n\n\n\n<figure class=\"wp-block-image size-large\"><img loading=\"lazy\" decoding=\"async\" width=\"1024\" height=\"511\" data-id=\"258\" src=\"https:\/\/markez.cl\/wp-content\/uploads\/2022\/02\/diseno-woocommerce-1024x511.png\" alt=\"\" class=\"wp-image-258\" srcset=\"https:\/\/markez.cl\/wp-content\/uploads\/2022\/02\/diseno-woocommerce-1024x511.png 1024w, https:\/\/markez.cl\/wp-content\/uploads\/2022\/02\/diseno-woocommerce-300x150.png 300w, https:\/\/markez.cl\/wp-content\/uploads\/2022\/02\/diseno-woocommerce-768x383.png 768w, https:\/\/markez.cl\/wp-content\/uploads\/2022\/02\/diseno-woocommerce.png 1265w\" sizes=\"auto, (max-width: 706px) 89vw, (max-width: 767px) 82vw, 740px\" \/><\/figure>\n<\/figure>\n\n\n\n<div class=\"wp-block-buttons is-content-justification-right is-layout-flex wp-container-core-buttons-is-layout-765c4724 wp-block-buttons-is-layout-flex\">\n<div class=\"wp-block-button is-style-outline is-style-outline--3\"><a class=\"wp-block-button__link\" href=\"https:\/\/markez.cl\/index.php\">Volver<\/a><\/div>\n<\/div>\n\n\n\n<p><\/p>\n","protected":false},"excerpt":{"rendered":"<p>Dise\u00f1amos p\u00e1ginas web, plataformas &amp; eCommerce Nuestro dise\u00f1o web parte desde cero o en plantillas dependiendo del objetivo del cliente.Dise\u00f1amos eCommerce en Shopify, Woocommerce. Ecommerce Ferreter\u00eda Ecommerce Accesorios<\/p>\n","protected":false},"author":1,"featured_media":0,"parent":0,"menu_order":0,"comment_status":"closed","ping_status":"closed","template":"","meta":{"footnotes":""},"class_list":["post-216","page","type-page","status-publish","hentry"],"yoast_head":"<!-- This site is optimized with the Yoast SEO plugin v22.8 - https:\/\/yoast.com\/wordpress\/plugins\/seo\/ -->\n<title>e-commerce &amp; dise\u00f1o web -<\/title>\n<meta name=\"description\" content=\"desarrollo eCommerce en diferentes plataformas, mostramos la mejor opci\u00f3n para tu negocio, configuramos y dise\u00f1amos.\" \/>\n<meta name=\"robots\" content=\"index, follow, max-snippet:-1, max-image-preview:large, max-video-preview:-1\" \/>\n<link rel=\"canonical\" href=\"https:\/\/markez.cl\/index.php\/desarrollo-e-commerce\/\" \/>\n<meta property=\"og:locale\" content=\"es_ES\" \/>\n<meta property=\"og:type\" content=\"article\" \/>\n<meta property=\"og:title\" content=\"e-commerce &amp; dise\u00f1o web -\" \/>\n<meta property=\"og:description\" content=\"desarrollo eCommerce en diferentes plataformas, mostramos la mejor opci\u00f3n para tu negocio, configuramos y dise\u00f1amos.\" \/>\n<meta property=\"og:url\" content=\"https:\/\/markez.cl\/index.php\/desarrollo-e-commerce\/\" \/>\n<meta property=\"article:modified_time\" content=\"2022-02-14T15:10:51+00:00\" \/>\n<meta property=\"og:image\" content=\"https:\/\/markez.cl\/wp-content\/uploads\/2022\/02\/diseno-ecommerce-1024x537.png\" \/>\n<meta name=\"twitter:card\" content=\"summary_large_image\" \/>\n<meta name=\"twitter:label1\" content=\"Tiempo estimado de lectura\" \/>\n\t<meta name=\"twitter:data1\" content=\"2 minutos\" \/>\n<script type=\"application\/ld+json\" class=\"yoast-schema-graph\">{\"@context\":\"https:\/\/schema.org\",\"@graph\":[{\"@type\":\"WebPage\",\"@id\":\"https:\/\/markez.cl\/index.php\/desarrollo-e-commerce\/\",\"url\":\"https:\/\/markez.cl\/index.php\/desarrollo-e-commerce\/\",\"name\":\"e-commerce & dise\u00f1o web -\",\"isPartOf\":{\"@id\":\"https:\/\/markez.cl\/#website\"},\"primaryImageOfPage\":{\"@id\":\"https:\/\/markez.cl\/index.php\/desarrollo-e-commerce\/#primaryimage\"},\"image\":{\"@id\":\"https:\/\/markez.cl\/index.php\/desarrollo-e-commerce\/#primaryimage\"},\"thumbnailUrl\":\"https:\/\/markez.cl\/wp-content\/uploads\/2022\/02\/diseno-ecommerce-1024x537.png\",\"datePublished\":\"2022-02-07T21:45:15+00:00\",\"dateModified\":\"2022-02-14T15:10:51+00:00\",\"description\":\"desarrollo eCommerce en diferentes plataformas, mostramos la mejor opci\u00f3n para tu negocio, configuramos y dise\u00f1amos.\",\"breadcrumb\":{\"@id\":\"https:\/\/markez.cl\/index.php\/desarrollo-e-commerce\/#breadcrumb\"},\"inLanguage\":\"es-CL\",\"potentialAction\":[{\"@type\":\"ReadAction\",\"target\":[\"https:\/\/markez.cl\/index.php\/desarrollo-e-commerce\/\"]}]},{\"@type\":\"ImageObject\",\"inLanguage\":\"es-CL\",\"@id\":\"https:\/\/markez.cl\/index.php\/desarrollo-e-commerce\/#primaryimage\",\"url\":\"https:\/\/markez.cl\/wp-content\/uploads\/2022\/02\/diseno-ecommerce.png\",\"contentUrl\":\"https:\/\/markez.cl\/wp-content\/uploads\/2022\/02\/diseno-ecommerce.png\",\"width\":1272,\"height\":667},{\"@type\":\"BreadcrumbList\",\"@id\":\"https:\/\/markez.cl\/index.php\/desarrollo-e-commerce\/#breadcrumb\",\"itemListElement\":[{\"@type\":\"ListItem\",\"position\":1,\"name\":\"Portada\",\"item\":\"https:\/\/markez.cl\/\"},{\"@type\":\"ListItem\",\"position\":2,\"name\":\"e-commerce &#038; dise\u00f1o web\"}]},{\"@type\":\"WebSite\",\"@id\":\"https:\/\/markez.cl\/#website\",\"url\":\"https:\/\/markez.cl\/\",\"name\":\"dise\u00f1o & Marketing\",\"description\":\"Te ayudamos a crear una marca s\u00f3lida.\",\"publisher\":{\"@id\":\"https:\/\/markez.cl\/#organization\"},\"potentialAction\":[{\"@type\":\"SearchAction\",\"target\":{\"@type\":\"EntryPoint\",\"urlTemplate\":\"https:\/\/markez.cl\/?s={search_term_string}\"},\"query-input\":\"required name=search_term_string\"}],\"inLanguage\":\"es-CL\"},{\"@type\":\"Organization\",\"@id\":\"https:\/\/markez.cl\/#organization\",\"name\":\"Markez\",\"url\":\"https:\/\/markez.cl\/\",\"logo\":{\"@type\":\"ImageObject\",\"inLanguage\":\"es-CL\",\"@id\":\"https:\/\/markez.cl\/#\/schema\/logo\/image\/\",\"url\":\"https:\/\/markez.cl\/wp-content\/uploads\/2025\/08\/cropped-logo-1.png\",\"contentUrl\":\"https:\/\/markez.cl\/wp-content\/uploads\/2025\/08\/cropped-logo-1.png\",\"width\":787,\"height\":250,\"caption\":\"Markez\"},\"image\":{\"@id\":\"https:\/\/markez.cl\/#\/schema\/logo\/image\/\"},\"sameAs\":[\"https:\/\/www.instagram.com\/markez_design\"]}]}<\/script>\n<!-- \/ Yoast SEO plugin. -->","yoast_head_json":{"title":"e-commerce & dise\u00f1o web -","description":"desarrollo eCommerce en diferentes plataformas, mostramos la mejor opci\u00f3n para tu negocio, configuramos y dise\u00f1amos.","robots":{"index":"index","follow":"follow","max-snippet":"max-snippet:-1","max-image-preview":"max-image-preview:large","max-video-preview":"max-video-preview:-1"},"canonical":"https:\/\/markez.cl\/index.php\/desarrollo-e-commerce\/","og_locale":"es_ES","og_type":"article","og_title":"e-commerce & dise\u00f1o web -","og_description":"desarrollo eCommerce en diferentes plataformas, mostramos la mejor opci\u00f3n para tu negocio, configuramos y dise\u00f1amos.","og_url":"https:\/\/markez.cl\/index.php\/desarrollo-e-commerce\/","article_modified_time":"2022-02-14T15:10:51+00:00","og_image":[{"url":"https:\/\/markez.cl\/wp-content\/uploads\/2022\/02\/diseno-ecommerce-1024x537.png"}],"twitter_card":"summary_large_image","twitter_misc":{"Tiempo estimado de lectura":"2 minutos"},"schema":{"@context":"https:\/\/schema.org","@graph":[{"@type":"WebPage","@id":"https:\/\/markez.cl\/index.php\/desarrollo-e-commerce\/","url":"https:\/\/markez.cl\/index.php\/desarrollo-e-commerce\/","name":"e-commerce & dise\u00f1o web -","isPartOf":{"@id":"https:\/\/markez.cl\/#website"},"primaryImageOfPage":{"@id":"https:\/\/markez.cl\/index.php\/desarrollo-e-commerce\/#primaryimage"},"image":{"@id":"https:\/\/markez.cl\/index.php\/desarrollo-e-commerce\/#primaryimage"},"thumbnailUrl":"https:\/\/markez.cl\/wp-content\/uploads\/2022\/02\/diseno-ecommerce-1024x537.png","datePublished":"2022-02-07T21:45:15+00:00","dateModified":"2022-02-14T15:10:51+00:00","description":"desarrollo eCommerce en diferentes plataformas, mostramos la mejor opci\u00f3n para tu negocio, configuramos y dise\u00f1amos.","breadcrumb":{"@id":"https:\/\/markez.cl\/index.php\/desarrollo-e-commerce\/#breadcrumb"},"inLanguage":"es-CL","potentialAction":[{"@type":"ReadAction","target":["https:\/\/markez.cl\/index.php\/desarrollo-e-commerce\/"]}]},{"@type":"ImageObject","inLanguage":"es-CL","@id":"https:\/\/markez.cl\/index.php\/desarrollo-e-commerce\/#primaryimage","url":"https:\/\/markez.cl\/wp-content\/uploads\/2022\/02\/diseno-ecommerce.png","contentUrl":"https:\/\/markez.cl\/wp-content\/uploads\/2022\/02\/diseno-ecommerce.png","width":1272,"height":667},{"@type":"BreadcrumbList","@id":"https:\/\/markez.cl\/index.php\/desarrollo-e-commerce\/#breadcrumb","itemListElement":[{"@type":"ListItem","position":1,"name":"Portada","item":"https:\/\/markez.cl\/"},{"@type":"ListItem","position":2,"name":"e-commerce &#038; dise\u00f1o web"}]},{"@type":"WebSite","@id":"https:\/\/markez.cl\/#website","url":"https:\/\/markez.cl\/","name":"dise\u00f1o & Marketing","description":"Te ayudamos a crear una marca s\u00f3lida.","publisher":{"@id":"https:\/\/markez.cl\/#organization"},"potentialAction":[{"@type":"SearchAction","target":{"@type":"EntryPoint","urlTemplate":"https:\/\/markez.cl\/?s={search_term_string}"},"query-input":"required name=search_term_string"}],"inLanguage":"es-CL"},{"@type":"Organization","@id":"https:\/\/markez.cl\/#organization","name":"Markez","url":"https:\/\/markez.cl\/","logo":{"@type":"ImageObject","inLanguage":"es-CL","@id":"https:\/\/markez.cl\/#\/schema\/logo\/image\/","url":"https:\/\/markez.cl\/wp-content\/uploads\/2025\/08\/cropped-logo-1.png","contentUrl":"https:\/\/markez.cl\/wp-content\/uploads\/2025\/08\/cropped-logo-1.png","width":787,"height":250,"caption":"Markez"},"image":{"@id":"https:\/\/markez.cl\/#\/schema\/logo\/image\/"},"sameAs":["https:\/\/www.instagram.com\/markez_design"]}]}},"jetpack_sharing_enabled":true,"_links":{"self":[{"href":"https:\/\/markez.cl\/index.php\/wp-json\/wp\/v2\/pages\/216","targetHints":{"allow":["GET"]}}],"collection":[{"href":"https:\/\/markez.cl\/index.php\/wp-json\/wp\/v2\/pages"}],"about":[{"href":"https:\/\/markez.cl\/index.php\/wp-json\/wp\/v2\/types\/page"}],"author":[{"embeddable":true,"href":"https:\/\/markez.cl\/index.php\/wp-json\/wp\/v2\/users\/1"}],"replies":[{"embeddable":true,"href":"https:\/\/markez.cl\/index.php\/wp-json\/wp\/v2\/comments?post=216"}],"version-history":[{"count":6,"href":"https:\/\/markez.cl\/index.php\/wp-json\/wp\/v2\/pages\/216\/revisions"}],"predecessor-version":[{"id":259,"href":"https:\/\/markez.cl\/index.php\/wp-json\/wp\/v2\/pages\/216\/revisions\/259"}],"wp:attachment":[{"href":"https:\/\/markez.cl\/index.php\/wp-json\/wp\/v2\/media?parent=216"}],"curies":[{"name":"wp","href":"https:\/\/api.w.org\/{rel}","templated":true}]}}